ime factors of f.
3, 5, 7
Let o = 4595 + 6318. What are the prime factors of o?
7, 1559
Suppose 20 = 2*z + 40. Let w be 9/(-2)*z*4/(-12). What are the prime factors of 166*(1/(6/w) - -3)?
83
Suppose -l - 270 = -4*m - 3*l, 0 = 5*l - 15. Let d = m - -102. What are the prime factors of d?
2, 3, 7
Let y(n) = -419*n**3 - 7*n**2 - 18*n - 5. What are the prime factors of y(-4)?
19, 1409
Let j(x) = -9408*x + 44. List the prime factors of j(-1).
2, 17, 139
Let l(h) = 1832*h + 8477. List the prime factors of l(23).
3, 16871
Let x(n) = -37*n**2 - n + 1. Let a(m) = 38*m**2 + m - 1. Let k(o) = 5*a(o) + 6*x(o). Let p be k(1). List the prime factors of (p/(-48))/(2/111).
37
Let q = -1063 + 2245. Let m be (q/21 - -4) + (-2)/7. Let b = m - 12. What are the prime factors of b?
2, 3
Let b(x) = -7*x + 10*x**2 + 387 - 196 - 190. List the prime factors of b(6).
11, 29
Let k = 3375 - 2248. Suppose -4*a = 3*y - 462 - 360, 4*y - 5*a - k = 0. List the prime factors of y.
2, 139
Suppose 5*z - 52891 = 4*m, -4*z + 31038 + 11258 = -6*m. What are the prime factors of z?
19, 557
List the prime factors of (-3 - 7 - 15925)/(5/(-2)).
2, 3187
Let j = 107 - 104. Suppose 4*y - 1480 = -2*z, -j*z - 2*z = 2*y - 732. List the prime factors of y.
7, 53
Let j(s) = s**3 - 16*s**2 + s - 23. Let u be j(16). Let b be 1 + 36/(-28) + (-16)/u. Suppose -1 = b*w - 173. List the prime factors of w.
2, 43
Let z = -22386 + 63737. What are the prime factors of z?
41351
Let o = 20751 - 13834. List the prime factors of o.
6917
Let g = 51 + -54. Let a be (-46)/(-23)*(g - (0 - -1)). Let k = 81 + a. List the prime factors of k.
73
Suppose -4*y - a = -28747, 3953 = y - 2*a - 3227. What are the prime factors of y?
2, 3593
Let a(x) = 3*x - 19. Let d be a(9). Let b be 32/d*(-19)/(-2). Suppose r = 2, -2*p = -r + 2*r - b. List the prime factors of p.
2, 3
Suppose 8*x + 13991 = 13*x - 4*b, 8393 = 3*x - 4*b. List the prime factors of x.
3, 311
Let x(m) = -m**3 + 2*m + 86. Suppose -3*l + 77 + 133 = 0. Let a = -70 + l. List the prime factors of x(a).
2, 43
List the prime factors of ((-74712)/352)/((-644)/(-656) - 1).
41, 283
Suppose -18*t + 160474 - 61223 = -193987. List the prime factors of t.
11, 1481
Suppose 56*f = 57*f + 4*o - 52935, -52931 = -f - 3*o. List the prime factors of f.
52919
Let r be (4 + (-6)/2)*(-2 - 4). List the prime factors of (-14)/r + (-527)/(-3).
2, 89
Suppose -56 = 6*l + 28. Let f(u) = -14*u - 12. List the prime factors of f(l).
2, 23
Suppose 4*y - 17 = -2*n + 3*n, 34 = 5*y + 3*n. Suppose -y*s = -5*o - 12505, 7*o + 5*s = 2*o - 12515. List the prime factors of ((-6)/4)/(27/o).
139
List the prime factors of (-2 + 4447 - 1) + (-43)/(1032/(-96)).
2, 139
Let s be ((-6)/(-1))/(-2)*(-22)/33. Suppose -l = 2*j + 2, 3*j + 3 = -s*l - l. What are the prime factors of (2 - -103) + j + 2 + 2?
2, 3
Let g = -70 - -60. Let i be (-2)/(2 - (-24)/g). Suppose -i*p = 94 - 569. List the prime factors of p.
5, 19
What are the prime factors of ((41922/(-959))/(16/70))/(2/(-64))?
2, 3, 5, 17
Suppose 4*s - 55555 = -5*a, -5*s = -14*a + 16*a - 22239. List the prime factors of a.
29, 383
Let x(c) be the first derivative of 27*c**2/2 + 26*c - 140. What are the prime factors of x(14)?
2, 101
Suppose 2*h + 5*p = 26357, 0 = -2*h + 2*p + 2*p + 26312. List the prime factors of h.
2, 29, 227
Let h(m) = 4*m**2 - 48*m - 9. What are the prime factors of h(-28)?
17, 263
Let z(p) be the third derivative of p**6/120 - 2*p**5/5 - 7*p**4/12 - 13*p**3/2 + p**2 + 24. List the prime factors of z(25).
2, 59
Let z(f) = 3*f**3 - 13*f + 6. Let u be z(5). Suppose -3*g - u = -2*m, 5*m - 2*g = 271 + 508. What are the prime factors of m?
5, 31
Suppose 10*f + 25 - 55 = 0. What are the prime factors of (-3 - (f + -5))/(1/(-303))?
3, 101
Let z be ((-83)/(-2))/((-17)/34). Let t = z + 184. List the prime factors of t.
101
Let n(h) be the second derivative of 205*h**4/6 - h**3 - 12*h**2 - 7*h. Let o be n(7). What are the prime factors of 6/45 - o/(-120)?
167
Suppose -c - 2*j + 47928 = 0, 0 = -4*c + j + 135299 + 56458. What are the prime factors of c?
2, 11, 2179
Suppose 6 = r + 2*y, 4*r - 17 + 11 = -2*y. Suppose 4*c - 856 = -r*c. What are the prime factors of c?
2, 107
Let x be (3 - 0)/(1 - (-2)/(-8)). Suppose -x + 2 = -a. Suppose 2*b - b - 4*n - 18 = 0, 14 = b - a*n. List the prime factors of b.
2, 5
Suppose -11*f = -58742 + 16546. What are the prime factors of f?
2, 7, 137
Let i be (-8)/26*(4 - 21/2). List the prime factors of i/(-7) - ((-4972)/7 - 3).
23, 31
Suppose 362*j - 367*j = 4*f - 5235, -f - j + 1308 = 0. What are the prime factors of f?
3, 5, 29
Let f be ((-5)/(-2))/((-1630)/120 + 14). Suppose 10*w - 7456 = -f*w. What are the prime factors of w?
2, 233
Suppose -5*u - 5*r + 14285 = 0, -4*u + 8522 = 2*r - 2900. What are the prime factors of u?
2, 1427
What are the prime factors of (-4020275)/(-450) - 4/(-72)?
2, 3, 1489
Let u = 651 + 35. Let o = u - 405. What are the prime factors of o?
281
Let q(u) = -u**3 + 13*u**2 + 14*u - 5. Suppose -4*y + p = -p - 66, -y + 39 = -5*p. Let x be q(y). What are the prime factors of -87*(3 + (x - -3) - 2)?
3, 29
Suppose -15604 = 5*j - 9*j. Suppose j + 6154 = 5*z. Suppose -14*p + z = -103. What are the prime factors of p?
151
Let p(a) = 833*a + 17. Let k be p(1). List the prime factors of k/6 + (-6)/(-18) + 1.
11, 13
Let y(j) = -j**3 - 6*j**2 - 10*j - 13. Let p be y(-8). Suppose 3*v + p = -2*v. Let x = v - -48. What are the prime factors of x?
3
Let b(a) be the first derivative of -a**4/4 + 17*a**3/3 + 19*a**2/2 - 13*a + 11. Let o be b(18). Suppose -o*w + w = -156. What are the prime factors of w?
3, 13
Let f(z) = 2*z - 5. Let q(n) = -2*n + 3 + 3 - 2. Let s(p) = 4*f(p) + 6*q(p). List the prime factors of s(-4).
2, 5
Suppose -j = 3*q - 4*j - 63, -4*j - 108 = -5*q. Suppose 31*b - 4053 = q*b. What are the prime factors of b?
3, 193
Let n(m) = -m**2 - 9*m + 1. Let z be n(-7). Suppose y - 6*y + z = 0. What are the prime factors of y + 86 + (4 - 2)?
7, 13
Let g(r) = -167*r + 13. Let a = -122 + 120. List the prime factors of g(a).
347
Suppose 29*d = 88147 - 9006. Let j = -1590 + d. List the prime factors of j.
17, 67
Let h(v) = -71*v + 11. Let m be h(-7). Suppose 5*a + 24 + 484 = 4*f, -3*a - m = -4*f. Let t = -55 + f. List the prime factors of t.
2, 3
Let s = 248 + -239. Suppose 634 = -s*w + 3910. What are the prime factors of w?
2, 7, 13
Suppose -149*r = -152*r + 24. Suppose s - 4*b - r = 13, -s + b = -36. What are the prime factors of s?
41
Let r = 30 + -9. Suppose -r = 3*p - 5*t, -4*p - 5*t + 10 = 3. List the prime factors of 97/p*(-4)/2.
97
Suppose 3900 = 6*z - 3300. Let t(s) = s**3 + 6*s**2 - 7*s + 16. Let x be t(-7). Suppose 0 = 4*i - x*i + z. List the prime factors of i.
2, 5
Suppose 4*x + 2 = -5*t, 2*x + 3*t + 12 = 5*x. List the prime factors of -179*90/(-35) + x/(-7).
2, 5, 23
Let t(q) = 40*q + 17203. What are the prime factors of t(0)?
17203
Let w(m) = m**3 + 2*m**2 - 5*m + 17. Let z be w(-4). Suppose 2*j = 2*f - 1126, -z*f + 4*j + 292 + 2519 = 0. What are the prime factors of f?
13, 43
Suppose -5*p + 89059 = 3*m, 89057 = 3*m + 377*p - 373*p. What are the prime factors of m?
29683
Suppose 0 = 5*o - 14*o + 936. List the prime factors of (1 - 52)*o/(-12) + 3.
5, 89
Suppose -3*x - 4*a = 23, -2*a - 8 = 2*x + 4. List the prime factors of 153*(x + 6 + 4/6).
3, 17
Suppose 548*d - 14371192 = 18488532. List the prime factors of d.
61, 983
Let g(o) be the third derivative of -43/6*o**3 + 0 + 0*o + 9*o**2 - 2/3*o**4. What are the prime factors of g(-12)?
149
Let a(s) = 5*s**2 - 17*s - 76. Suppose -5*o - 5 = 0, 4*o - 5*o - 31 = -2*z. What are the prime factors of a(z)?
2, 397
Let v be (28/4)/7 - -1. What are the prime factors of (-5526)/(-10) - (v + 60/(-25))?
7, 79
Suppose -s = -2*o + 36, -3*o - 2*s = -0*o - 40. Suppose 8419 = o*w - 317. Let h = w - 299. List the prime factors of h.
13, 19
What are the prime factors of 7623 - ((-15 - (-13 + 5)) + 7)?
3, 7, 11
Let n = 28 - -5. Let t = -233 - -262. Let m = n + t. List the prime factors of m.
2, 31
Suppose -10 = 2*u, -u = 2*c - 6*c - 11. Let n be 0 + 85 + c/2. Suppose -n - 197 = -2*d. List the prime factors of d.
2, 5, 7
Let l(f) = -152 - 4*f + 187 + 26*f. Let h(m) = -1. Let z(k) = 4*h(k) + l(k). What are the prime factors of z(9)?
229
Let k = -3142 + 3269. Let u =